tor of 143808?
False
Is 222 a factor of 3659316?
False
Is 14 a factor of 2726125?
False
Does 112 divide 246064?
True
Is 42217 a multiple of 37?
True
Is 633 a factor of 4745682?
False
Is 10 a factor of 1600992?
False
Is 1220 a multiple of 61?
True
Does 5 divide 1178365?
True
Is 35782 a multiple of 4?
False
Is 8784854 a multiple of 793?
True
Is 134365 a multiple of 7?
True
Is 11 a factor of 19360?
True
Does 19 divide 876570?
False
Does 79 divide 125834?
False
Is 833198 a multiple of 397?
False
Does 39 divide 745953?
True
Is 227 a factor of 198246?
False
Does 49 divide 429681?
True
Is 292 a factor of 11193737?
False
Does 2 divide 2309212?
True
Is 5451320 a multiple of 217?
False
Does 108 divide 391474?
False
Does 38 divide 2161934?
True
Is 53 a factor of 918887?
False
Is 39 a factor of 2360904?
True
Is 5742880 a multiple of 502?
True
Does 59 divide 20532?
True
Is 40078 a multiple of 29?
True
Does 77 divide 1592520?
False
Is 199018 a multiple of 232?
False
Is 236443 a multiple of 67?
True
Is 278 a factor of 145672?
True
Does 35 divide 75625?
False
Does 408 divide 3502165?
False
Is 329 a factor of 87185?
True
Does 78 divide 405366?
True
Is 5506068 a multiple of 278?
True
Does 14 divide 598598?
True
Does 145 divide 26368?
False
Does 57 divide 147630?
True
Is 133 a factor of 716205?
True
Does 543 divide 1265733?
True
Does 34 divide 3295940?
False
Is 52 a factor of 3973380?
False
Does 37 divide 2156545?
True
Is 622524 a multiple of 27?
False
Is 1185 a factor of 27961075?
False
Does 16 divide 705673?
False
Is 116550 a multiple of 3?
True
Is 1185501 a multiple of 18?
False
Is 11170176 a multiple of 119?
False
Is 157 a factor of 3565127?
False
Does 76 divide 11462356?
False
Does 31 divide 1235711?
False
Does 22 divide 2821478?
True
Is 227947 a multiple of 18?
False
Does 26 divide 25974?
True
Is 603 a factor of 94780?
False
Is 9 a factor of 285282?
True
Is 62 a factor of 20902?
False
Is 11 a factor of 9212808?
True
Is 115984 a multiple of 25?
False
Does 109 divide 215493?
True
Does 284 divide 1905047?
False
Is 62 a factor of 680567?
False
Is 1466330 a multiple of 174?
False
Does 4 divide 70912?
True
Is 3675059 a multiple of 47?
False
Is 1855 a factor of 5466440?
False
Is 452957 a multiple of 44?
False
Does 6 divide 4194816?
True
Does 149 divide 1243256?
True
Is 18760 a multiple of 536?
True
Does 1542 divide 6922038?
True
Does 2 divide 6084?
True
Is 227184 a multiple of 48?
True
Does 50 divide 3254705?
False
Is 85413 a multiple of 11?
False
Is 455519 a multiple of 446?
False
Is 14 a factor of 153328?
True
Is 16 a factor of 1305568?
True
Does 125 divide 8523500?
True
Is 106334 a multiple of 27?
False
Is 5 a factor of 14950?
True
Is 5430024 a multiple of 9?
True
Is 735852 a multiple of 52?
True
Is 1642 a factor of 7667509?
False
Is 47 a factor of 479982?
False
Is 35 a factor of 17324?
False
Does 24 divide 121128?
True
Does 33 divide 87078?
False
Does 36 divide 12564?
True
Is 3776743 a multiple of 767?
False
Is 9 a factor of 2591118?
True
Does 390 divide 142350?
True
Does 5 divide 373137?
False
Is 602 a factor of 441316?
False
Is 628441 a multiple of 5?
False
Does 71 divide 6338312?
True
Does 89 divide 111784?
True
Is 261 a factor of 1030527?
False
Does 23 divide 10559852?
True
Is 173 a factor of 479210?
True
Is 21 a factor of 190785?
True
Is 3515094 a multiple of 18?
True
Is 627 a factor of 27715?
False
Does 242 divide 232261?
False
Is 83304 a multiple of 52?
True
Does 12 divide 484048?
False
Is 487 a factor of 1477071?
True
Does 846 divide 997402?
False
Is 794315 a multiple of 8?
False
Does 15 divide 4867762?
False
Is 22 a factor of 118347?
False
Is 192248 a multiple of 64?
False
Is 3439527 a multiple of 43?
True
Is 11 a factor of 2378541?
True
Does 25 divide 461019?
False
Does 10 divide 18251?
False
Is 3 a factor of 149884?
False
Does 20 divide 70320?
True
Is 31790 a multiple of 34?
True
Is 34 a factor of 1534454?
True
Is 12 a factor of 238018?
False
Is 198944 a multiple of 16?
True
Is 3 a factor of 1154446?
False
Is 175629 a multiple of 3?
True
Is 169949 a multiple of 13?
True
Does 12 divide 3256716?
True
Is 2459261 a multiple of 31?
True
Is 1066908 a multiple of 201?
True
Is 96880 a multiple of 80?
True
Does 24 divide 90384?
True
Does 1655 divide 3989824?
False
Does 34 divide 469423?
False
Is 39 a factor of 39833177?
False
Is 618 a factor of 3890928?
True
Is 100580 a multiple of 5?
True
Does 209 divide 447761?
False
Is 123 a factor of 867396?
True
Is 1513547 a multiple of 467?
True
Does 39 divide 359268?
True
Does 60 divide 121458?
False
Is 30 a factor of 1100002?
False
Is 2210694 a multiple of 5?
False
Is 59390 a multiple of 2?
True
Does 14 divide 1408276?
False
Does 82 divide 229034?
False
Is 87 a factor of 351452?
False
Does 40 divide 8344160?
True
Is 12 a factor of 186720?
True
Is 5272 a multiple of 3?
False
Does 282 divide 526337?
False
Is 568073 a multiple of 9?
False
Is 143 a factor of 241527?
True
Is 19008 a multiple of 16?
True
Does 24 divide 4161310?
False
Is 327745 a multiple of 12?
False
Is 51374 a multiple of 14?
False
Does 9 divide 21141?
True
Is 193050 a multiple of 39?
True
Is 29 a factor of 43027?
False
Does 63 divide 369117?
True
Does 63 divide 13551083?
False
Is 178 a factor of 38804?
True
Is 16 a factor of 568608?
True
Does 1077 divide 11233751?
False
Is 27 a factor of 4521609?
True
Is 360477 a multiple of 202?
False
Is 52878 a multiple of 7?
True
Is 15 a factor of 744840?
True
Is 6 a factor of 5260?
False
Is 106905 a multiple of 45?
False
Does 487 divide 5118857?
True
Does 738 divide 3945519?
False
Is 1009764 a multiple of 28?
True
Is 7724 a multiple of 13?
False
Is 119578 a multiple of 34?
True
Does 9 divide 324882?
True
Is 146120 a multiple of 260?
True
Is 3875717 a multiple of 151?
True
Does 271 divide 69105?
True
Is 30386 a multiple of 10?
False
Is 357 a factor of 2915976?
True
Is 30 a factor of 67670?
False
Does 96 divide 1293792?
True
Does 16 divide 1024576?
True
Is 943740 a multiple of 10?
True
Does 30 divide 179430?
True
Is 224519 a multiple of 41?
False
Is 35 a factor of 541205?
True
Does 13 divide 6627667?
False
Does 9 divide 178080?
False
Does 231 divide 466158?
True
Is 78 a factor of 20370757?
False
Does 340 divide 183958?
False
Does 13 divide 44148?
True
Is 51 a factor of 271473?
True
Does 33 divide 58047?
True
Is 19 a factor of 5794506?
True
Is 10 a factor of 8001398?
False
Is 703798 a multiple of 55?
False
Is 20 a factor of 6188561?
False
Is 42 a factor of 5880?
True
Is 78 a factor of 1376388?
True
Is 34467 a multiple of 47?
False
Does 333 divide 172050?
False
Is 6 a factor of 51102?
True
Does 379 divide 7582?
False
Is 302 a factor of 14354060?
True
Is 7 a factor of 3072438?
False
Does 455 divide 3970452?
False
Is 78 a factor of 743262?
True
Does 39 divide 179069?
False
Is 2 a factor of 96923?
False
Does 4 divide 65256?
True
Is 1185950 a multiple of 25?
True
Is 22 a factor of 646580?
True
Does 32 divide 2039616?
True
Is 173576 a multiple of 11?
False
Does 9 divide 219088?
False
Is 191221 a multiple of 58?
False
Does 63 divide 17379?
False
Does 788 divide 2319380?
False
Is 9041670 a multiple of 15?
True
Is 1438856 a multiple of 296?
True
Is 970 a factor of 91130?
False
Is 168448 a multiple of 47?
True
Is 8930 a multiple of 3?
False
Does 9 divide 605701?
False
Is 1777968 a multiple of 16?
True
Does 40 divide 12416120?
True
Is 331483 a multiple of 17?
True
Does 116 divide 35148?
True
Does 1692 divide 341784?
True
Is 2719411 a multiple of 31?
False
Does 185 divide 5984565?
True
Is 10646 a multiple of 71?
False
Is 271810 a multiple of 353?
True
Is 649440 a multiple of 440?
True
Does 11 divide 86477?
False
Is 75 a factor of 143775?
True
Is 8144448 a multiple of 1031?
False
Is 405287 a multiple of 7?
False
Does 13 divide 976677?
True
Is 2778344 a multiple of 68?
True
Does 205 divide 1376780?
True
Is 22 a factor of 1337446?
True
Does 10 divide 198082?
False
Is 48 a factor of 485277?
False
Is 3205987 a multiple of 10?
False
Is 1132305 a multiple of 87?
True
Is 24 a factor of 4976395?
False
Is 20 a factor of 196045?
False
Is 13 a factor of 110626?
False
Is 2311502 a multiple of 74?
False
Is 51654 a multiple of 6?
True
Is 332502 a multiple of 70?
False
Is 1366727 a multiple of 57?
False
Is 288 a factor of 926784?
True
Is 32 